2, 47, 271, 283
What are the prime factors of 3884510?
2, 5, 7, 211, 263
List the prime factors of 9218520.
2, 3, 5, 29, 883
List the prime factors of 18088252.
2, 7, 13, 31, 229
What are the prime factors of 278940?
2, 3, 5, 4649
What are the prime factors of 107682?
2, 3, 131, 137
What are the prime factors of 319687?
319687
What are the prime factors of 1198996?
2, 299749
List the prime factors of 265280.
2, 5, 829
What are the prime factors of 29809924?
2, 359, 20759
What are the prime factors of 50757?
3, 7, 2417
What are the prime factors of 754175?
5, 97, 311
List the prime factors of 3941140.
2, 5, 7, 28151
What are the prime factors of 377590?
2, 5, 61, 619
List the prime factors of 170272.
2, 17, 313
What are the prime factors of 2422381?
13, 17, 97, 113
What are the prime factors of 2938450?
2, 5, 17, 3457
What are the prime factors of 7026901?
7, 383, 2621
List the prime factors of 1064899.
11, 131, 739
List the prime factors of 4944484.
2, 17, 19, 43, 89
What are the prime factors of 192255?
3, 5, 7, 1831
List the prime factors of 969565.
5, 23, 8431
What are the prime factors of 944242?
2, 13, 23, 1579
What are the prime factors of 11671036?
2, 13, 224443
List the prime factors of 230356.
2, 7, 19, 433
What are the prime factors of 24326?
2, 12163
List the prime factors of 35774373.
3, 1559, 7649
What are the prime factors of 86461?
86461
What are the prime factors of 252566?
2, 293, 431
List the prime factors of 5544197.
311, 17827
What are the prime factors of 5629394?
2, 2814697
List the prime factors of 20855158.
2, 17, 23, 26669
List the prime factors of 831366.
2, 3, 46187
What are the prime factors of 1468084?
2, 367021
List the prime factors of 7174865.
5, 127, 11299
What are the prime factors of 1561065?
3, 5, 11, 9461
List the prime factors of 2788142.
2, 7, 199153
List the prime factors of 115810.
2, 5, 37, 313
What are the prime factors of 8100702?
2, 3, 67, 2239
List the prime factors of 6779135.
5, 11, 23, 233
List the prime factors of 270476.
2, 67619
List the prime factors of 3725907.
3, 17, 43, 1699
What are the prime factors of 8009485?
5, 11, 107, 1361
What are the prime factors of 77806?
2, 38903
List the prime factors of 9520205.
5, 1904041
What are the prime factors of 79872?
2, 3, 13
What are the prime factors of 161496?
2, 3, 2243
What are the prime factors of 30300929?
5441, 5569
List the prime factors of 690928.
2, 7, 31, 199
What are the prime factors of 252885?
3, 5, 23, 733
What are the prime factors of 20353?
20353
List the prime factors of 3661920.
2, 3, 5, 2543
List the prime factors of 11159801.
773, 14437
What are the prime factors of 1513570?
2, 5, 151357
List the prime factors of 1160221.
1160221
List the prime factors of 2889112.
2, 59, 6121
List the prime factors of 23518352.
2, 11, 13, 19, 541
What are the prime factors of 823979?
13, 241, 263
List the prime factors of 868959.
3, 7, 13, 1061
List the prime factors of 110612.
2, 27653
List the prime factors of 3638141.
13, 279857
What are the prime factors of 3405437?
7, 486491
List the prime factors of 200404.
2, 50101
List the prime factors of 238322.
2, 7, 29, 587
What are the prime factors of 10019837?
491, 20407
What are the prime factors of 1256293?
457, 2749
What are the prime factors of 171733?
171733
List the prime factors of 133883.
23, 5821
What are the prime factors of 12309491?
3407, 3613
List the prime factors of 1482530.
2, 5, 7, 21179
List the prime factors of 4338880.
2, 5, 7, 13, 149
List the prime factors of 662457.
3, 461, 479
What are the prime factors of 33944932?
2, 7, 1212319
What are the prime factors of 6995269?
67, 131, 797
What are the prime factors of 1872992?
2, 11, 17, 313
What are the prime factors of 149054?
2, 74527
List the prime factors of 182814.
2, 3, 30469
What are the prime factors of 17080696?
2, 19, 103, 1091
List the prime factors of 796731.
3, 13, 31, 659
List the prime factors of 702627.
3, 17, 23, 599
List the prime factors of 4087797.
3, 7, 37, 5261
What are the prime factors of 1015350?
2, 3, 5, 7, 967
List the prime factors of 1280312.
2, 11, 14549
What are the prime factors of 10839612?
2, 3, 7, 43, 3001
What are the prime factors of 545578?
2, 11, 24799
What are the prime factors of 51805?
5, 13, 797
What are the prime factors of 140509?
71, 1979
List the prime factors of 133295.
5, 53, 503
What are the prime factors of 5636474?
2, 2818237
What are the prime factors of 25642?
2, 12821
What are the prime factors of 12611306?
2, 293, 21521
List the prime factors of 536499.
3, 59611
What are the prime factors of 1635958?
2, 817979
List the prime factors of 1354033.
17, 23, 3463
List the prime factors of 19403778.
2, 3, 409, 7907
List the prime factors of 245510.
2, 5, 24551
List the prime factors of 189385.
5, 7, 773
List the prime factors of 14067622.
2, 37, 43, 4421
What are the prime factors of 13613?
13613
What are the prime factors of 1035373?
41, 25253
List the prime factors of 9070745.
5, 557, 3257
List the prime factors of 1631787.
3, 543929
What are the prime factors of 10340159?
41, 107, 2357
What are the prime factors of 2740220?
2, 5, 7, 23, 37
What are the prime factors of 35507992?
2, 13, 341423
List the prime factors of 1003485.
3, 5, 7, 19, 503
What are the prime factors of 1461539?
643, 2273
What are the prime factors of 15821328?
2, 3, 47, 7013
List the prime factors of 11826254.
2, 11, 17, 103, 307
List the prime factors of 1305191.
181, 7211
What are the prime factors of 1639694?
2, 7, 173, 677
List the prime factors of 14906749.
11, 13, 104243
What are the prime factors of 12177712?
2, 17, 44771
What are the prime factors of 5913031?
5913031
List the prime factors of 5389163.
13, 41, 10111
What are the prime factors of 4370572?
2, 1092643
What are the prime factors of 11518641?
3, 251, 5099
What are the prime factors of 543533?
19, 28607
What are the prime factors of 3552535?
5, 7, 101501
What are the prime factors of 104117?
13, 8009
List the prime factors of 198480.
2, 3, 5, 827
List the prime factors of 22749.
3, 7583
What are the prime factors of 8512545?
3, 5, 71, 7993
What are the prime factors of 9950559?
3, 17, 23, 499
What are the prime factors of 707142?
2, 3, 19, 6203
What are the prime factors of 316779?
3, 23, 4591
List the prime factors of 184838.
2, 92419
What are the prime factors of 3608015?
5, 457, 1579
What are the prime factors of 674864?
2, 42179
List the prime factors of 166712.
2, 7, 13, 229
What are the prime factors of 279794?
2, 19, 37, 199
List the prime factors of 1497107.
1497107
List the prime factors of 352786.
2, 7, 113, 223
List the prime factors of 34425960.
2, 3, 5, 61, 4703
List the prime factors of 1631571.
3, 543857
What are the prime factors of 48952?
2, 29, 211
List the prime factors of 775293.
3, 113, 2287
What are the prime factors of 1194190?
2, 5, 119419
What are the prime factors of 830774?
2, 7, 59341
List the prime factors of 1178166.
2, 3, 11, 17851
What are the prime factors of 10422242?
2, 1951, 2671
What are the prime factors of 287530?
2, 5, 28753
What are the prime factors of 1773370?
2, 5, 177337
What are the prime factors of 21149519?
193, 109583
What are the prime factors of 1349925?
3, 5, 41, 439
List the prime factors of 789492.
2, 3, 11, 5981
List the prime factors of 111191.
111191
List the prime factors of 149989.
7, 3061
List the prime factors of 76189.
61, 1249
List the prime factors of 2035490.
2, 5, 203549
What are the prime factors of 1014582?
2, 3, 169097
What are the prime factors of 427767?
3, 142589
What are the prime factors of 1544361?
3, 7, 13, 5657
List the prime factors of 318762.
2, 3, 5903
What are the prime factors of 6320?
2, 5, 79
What are the prime factors of 177796?
2, 44449
List the prime factors of 7807341.
3, 2602447
List the prime factors of 354242.
2, 7, 25303
List the prime factors of 223888.
2, 7, 1999
What are the prime factors of 8108252?
2, 17, 43, 47, 59
What are the prime factors of 813595?
5, 29, 31, 181
What are the prime factors of 903131?
151, 5981
List the prime factors of 4627392.
2, 3, 7, 11, 313
List the prime factors of 8788871.
7, 13, 96581
What are the prime factors of 428350?
2, 5, 13, 659
What are the prime factors of 3981040?
2, 5, 7, 7109
List the prime factors o